{"id":20,"date":"2023-03-18T17:53:35","date_gmt":"2023-03-18T20:53:35","guid":{"rendered":"https:\/\/astecatopografia.com.br\/?page_id=20"},"modified":"2024-07-16T15:35:10","modified_gmt":"2024-07-16T18:35:10","slug":"sobre-nos","status":"publish","type":"page","link":"https:\/\/astecatopografia.com.br\/?page_id=20","title":{"rendered":"Sobre n\u00f3s"},"content":{"rendered":"\t\t<div data-elementor-type=\"wp-page\" data-elementor-id=\"20\" class=\"elementor elementor-20\" data-elementor-post-type=\"page\">\n\t\t\t\t<div class=\"elementor-element elementor-element-e70b243 e-flex e-con-boxed e-con e-parent\" data-id=\"e70b243\" data-element_type=\"container\" data-settings=\"{&quot;background_background&quot;:&quot;classic&quot;}\">\n\t\t\t\t\t<div class=\"e-con-inner\">\n\t\t\t\t<div class=\"elementor-element elementor-element-d24b3d9 elementor-widget elementor-widget-heading\" data-id=\"d24b3d9\" data-element_type=\"widget\" data-widget_type=\"heading.default\">\n\t\t\t\t<div class=\"elementor-widget-container\">\n\t\t\t\t\t<h2 class=\"elementor-heading-title elementor-size-default\">Conhe\u00e7a nossa hist\u00f3ria de sucesso<\/h2>\t\t\t\t<\/div>\n\t\t\t\t<\/div>\n\t\t\t\t\t<\/div>\n\t\t\t\t<\/div>\n\t\t<div class=\"elementor-element elementor-element-198d8496 e-flex e-con-boxed e-con e-parent\" data-id=\"198d8496\" data-element_type=\"container\" data-settings=\"{&quot;background_background&quot;:&quot;classic&quot;}\">\n\t\t\t\t\t<div class=\"e-con-inner\">\n\t\t<div class=\"elementor-element elementor-element-1d9b1a61 e-con-full e-flex e-con e-child\" data-id=\"1d9b1a61\" data-element_type=\"container\">\n\t\t\t\t<div class=\"elementor-element elementor-element-3158dfd9 elementor-widget elementor-widget-text-editor\" data-id=\"3158dfd9\" data-element_type=\"widget\" data-widget_type=\"text-editor.default\">\n\t\t\t\t<div class=\"elementor-widget-container\">\n\t\t\t\t\t\t\t\t\t<p><strong>Hist\u00f3ria<\/strong><\/p><p><span style=\"font-weight: 400;\">Somos uma empresa familiar que carrega em sua hist\u00f3ria, desde 2010, a experi\u00eancia e o amor de tr\u00eas gera\u00e7\u00f5es. No DNA da Asteca est\u00e3o as experi\u00eancias adquiridas desde a d\u00e9cada de 40, pelo Sr. Abilio Jos\u00e9 de Mello, que passou seus conhecimentos para os filhos Jorge, Quintino e Aristides, chegando at\u00e9 os dias de hoje na terceira gera\u00e7\u00e3o, com o seu neto e fundador da Asteca, Alex Jardel de Mello. Sediada em Novo Hamburgo\/RS, fornecemos os mais diversos servi\u00e7os topogr\u00e1ficos em todo o territ\u00f3rio brasileiro.<\/span><\/p><p>\u00a0<\/p><p><strong>\u00c1reas de Atua\u00e7\u00e3o<\/strong><\/p><p><span style=\"font-weight: 400;\">A Asteca iniciou suas atividades na \u00e1rea da constru\u00e7\u00e3o civil, expandindo rapidamente sua atua\u00e7\u00e3o para os mais diversos servi\u00e7os no ramo da topografia. Atualmente, destaca-se, a presta\u00e7\u00e3o de servi\u00e7os nas \u00e1reas de rodovias, industrias e gera\u00e7\u00e3o de energia.<\/span><\/p><p><span style=\"font-weight: 400;\">Atendemos tamb\u00e9m clientes diretos, que buscam servi\u00e7os de topografia para desmembramento, partilhas, usucapi\u00e3o, retifica\u00e7\u00e3o administrativa, gleba legal, georreferenciamento, medi\u00e7\u00e3o de lotes, levantamento planialtim\u00e9trico, certifica\u00e7\u00e3o de im\u00f3veis rurais, acompanhamento de obras, aerofotogrametria e demais servi\u00e7os de agrimensura.<\/span><\/p>\t\t\t\t\t\t\t\t<\/div>\n\t\t\t\t<\/div>\n\t\t\t\t<\/div>\n\t\t<div class=\"elementor-element elementor-element-2d7ed0e9 e-con-full e-flex e-con e-child\" data-id=\"2d7ed0e9\" data-element_type=\"container\">\n\t\t\t\t<div class=\"elementor-element elementor-element-4ca7dff4 elementor-widget elementor-widget-image\" data-id=\"4ca7dff4\" data-element_type=\"widget\" data-widget_type=\"image.default\">\n\t\t\t\t<div class=\"elementor-widget-container\">\n\t\t\t\t\t\t\t\t\t\t\t\t\t\t\t<img fetchpriority=\"high\" decoding=\"async\" width=\"532\" height=\"542\" src=\"https:\/\/astecatopografia.com.br\/wp-content\/uploads\/2024\/07\/sobre-nos-asteca-1.webp\" class=\"attachment-large size-large wp-image-5831\" alt=\"\" srcset=\"https:\/\/astecatopografia.com.br\/wp-content\/uploads\/2024\/07\/sobre-nos-asteca-1.webp 532w, https:\/\/astecatopografia.com.br\/wp-content\/uploads\/2024\/07\/sobre-nos-asteca-1-294x300.webp 294w\" sizes=\"(max-width: 532px) 100vw, 532px\" \/>\t\t\t\t\t\t\t\t\t\t\t\t\t\t\t<\/div>\n\t\t\t\t<\/div>\n\t\t\t\t<\/div>\n\t\t\t\t\t<\/div>\n\t\t\t\t<\/div>\n\t\t<div class=\"elementor-element elementor-element-d866bd1 e-flex e-con-boxed e-con e-parent\" data-id=\"d866bd1\" data-element_type=\"container\" data-settings=\"{&quot;background_background&quot;:&quot;classic&quot;}\">\n\t\t\t\t\t<div class=\"e-con-inner\">\n\t\t<div class=\"elementor-element elementor-element-7bea9b8 e-con-full e-flex e-con e-child\" data-id=\"7bea9b8\" data-element_type=\"container\">\n\t\t\t\t<div class=\"elementor-element elementor-element-de2a9c7 elementor-widget elementor-widget-text-editor\" data-id=\"de2a9c7\" data-element_type=\"widget\" data-widget_type=\"text-editor.default\">\n\t\t\t\t<div class=\"elementor-widget-container\">\n\t\t\t\t\t\t\t\t\t<p><strong>Metodologia<\/strong><\/p><p><span style=\"font-weight: 400;\">Nossa metodologia de trabalho em demarca\u00e7\u00f5es topogr\u00e1ficas, \u00e9 aplicada com \u00eanfase na produtividade, atrav\u00e9s de acompanhamento remoto para a resolu\u00e7\u00e3o de problemas do cotidiano. A Sala t\u00e9cnica da Asteca conta com profissionais de alto n\u00edvel de experi\u00eancia, que s\u00e3o respons\u00e1veis pelo \u00f3timo desempenho das equipes de campo e pelos projetos de engenharia voltados \u00e0s obras de infraestrutura, terraplenagem e drenagens, desenvolvendo produtos de alt\u00edssima qualidade.<\/span><\/p><p><span style=\"font-weight: 400;\">Na servi\u00e7os de levantamentos topogr\u00e1ficos, nos destacamos no uso de tecnologias avan\u00e7adas que garantem agilidade e precis\u00e3o dos produtos fornecidos, prezando sempre suprir as mais diversas necessidades dos nossos clientes.<\/span><\/p><p>\u00a0<\/p><p><strong>Expertise<\/strong><\/p><p><span style=\"font-weight: 400;\">Nossos gestores s\u00e3o descendentes de uma linhagem de agrimensores que, desde a d\u00e9cada de 50, foram respons\u00e1veis por obras dos mais diversos n\u00edveis. Al\u00e9m disso, apostam na cordialidade com os clientes e com a equipe, fator determinante para manter uma rela\u00e7\u00e3o pr\u00f3xima e respeitosa entre contratante e contratado, transmitindo assim a m\u00e1xima confian\u00e7a, com foco total na solu\u00e7\u00e3o das demandas dos clientes.<\/span><\/p>\t\t\t\t\t\t\t\t<\/div>\n\t\t\t\t<\/div>\n\t\t\t\t<\/div>\n\t\t\t\t\t<\/div>\n\t\t\t\t<\/div>\n\t\t\t\t<\/div>\n\t\t","protected":false},"excerpt":{"rendered":"<p>Conhe\u00e7a nossa hist\u00f3ria de sucesso Hist\u00f3ria Somos uma empresa familiar que carrega em sua hist\u00f3ria, desde 2010, a experi\u00eancia e o amor de tr\u00eas gera\u00e7\u00f5es. No DNA da Asteca est\u00e3o as experi\u00eancias adquiridas desde a d\u00e9cada de 40, pelo Sr. Abilio Jos\u00e9 de Mello, que passou seus conhecimentos para os filhos Jorge, Quintino e Aristides, [&hellip;]<\/p>\n","protected":false},"author":1,"featured_media":0,"parent":0,"menu_order":0,"comment_status":"closed","ping_status":"closed","template":"elementor_header_footer","meta":{"_acf_changed":false,"footnotes":""},"class_list":["post-20","page","type-page","status-publish","hentry"],"acf":[],"yoast_head":"<!-- This site is optimized with the Yoast SEO plugin v24.3 - https:\/\/yoast.com\/wordpress\/plugins\/seo\/ -->\n<title>Sobre n\u00f3s - Asteca Topografia<\/title>\n<meta name=\"robots\" content=\"index, follow, max-snippet:-1, max-image-preview:large, max-video-preview:-1\" \/>\n<link rel=\"canonical\" href=\"https:\/\/astecatopografia.com.br\/sobre-nos\/\" \/>\n<meta property=\"og:locale\" content=\"pt_BR\" \/>\n<meta property=\"og:type\" content=\"article\" \/>\n<meta property=\"og:title\" content=\"Sobre n\u00f3s - Asteca Topografia\" \/>\n<meta property=\"og:description\" content=\"Conhe\u00e7a nossa hist\u00f3ria de sucesso Hist\u00f3ria Somos uma empresa familiar que carrega em sua hist\u00f3ria, desde 2010, a experi\u00eancia e o amor de tr\u00eas gera\u00e7\u00f5es. No DNA da Asteca est\u00e3o as experi\u00eancias adquiridas desde a d\u00e9cada de 40, pelo Sr. Abilio Jos\u00e9 de Mello, que passou seus conhecimentos para os filhos Jorge, Quintino e Aristides, [&hellip;]\" \/>\n<meta property=\"og:url\" content=\"https:\/\/astecatopografia.com.br\/sobre-nos\/\" \/>\n<meta property=\"og:site_name\" content=\"Asteca Topografia\" \/>\n<meta property=\"article:modified_time\" content=\"2024-07-16T18:35:10+00:00\" \/>\n<meta property=\"og:image\" content=\"https:\/\/astecatopografia.com.br\/wp-content\/uploads\/2024\/07\/sobre-nos-asteca-1.webp\" \/>\n<meta name=\"twitter:card\" content=\"summary_large_image\" \/>\n<meta name=\"twitter:label1\" content=\"Est. tempo de leitura\" \/>\n\t<meta name=\"twitter:data1\" content=\"3 minutos\" \/>\n<script type=\"application\/ld+json\" class=\"yoast-schema-graph\">{\"@context\":\"https:\/\/schema.org\",\"@graph\":[{\"@type\":\"WebPage\",\"@id\":\"https:\/\/astecatopografia.com.br\/sobre-nos\/\",\"url\":\"https:\/\/astecatopografia.com.br\/sobre-nos\/\",\"name\":\"Sobre n\u00f3s - Asteca Topografia\",\"isPartOf\":{\"@id\":\"https:\/\/astecatopografia.com.br\/#website\"},\"primaryImageOfPage\":{\"@id\":\"https:\/\/astecatopografia.com.br\/sobre-nos\/#primaryimage\"},\"image\":{\"@id\":\"https:\/\/astecatopografia.com.br\/sobre-nos\/#primaryimage\"},\"thumbnailUrl\":\"https:\/\/astecatopografia.com.br\/wp-content\/uploads\/2024\/07\/sobre-nos-asteca-1.webp\",\"datePublished\":\"2023-03-18T20:53:35+00:00\",\"dateModified\":\"2024-07-16T18:35:10+00:00\",\"breadcrumb\":{\"@id\":\"https:\/\/astecatopografia.com.br\/sobre-nos\/#breadcrumb\"},\"inLanguage\":\"pt-BR\",\"potentialAction\":[{\"@type\":\"ReadAction\",\"target\":[\"https:\/\/astecatopografia.com.br\/sobre-nos\/\"]}]},{\"@type\":\"ImageObject\",\"inLanguage\":\"pt-BR\",\"@id\":\"https:\/\/astecatopografia.com.br\/sobre-nos\/#primaryimage\",\"url\":\"https:\/\/astecatopografia.com.br\/wp-content\/uploads\/2024\/07\/sobre-nos-asteca-1.webp\",\"contentUrl\":\"https:\/\/astecatopografia.com.br\/wp-content\/uploads\/2024\/07\/sobre-nos-asteca-1.webp\",\"width\":532,\"height\":542},{\"@type\":\"BreadcrumbList\",\"@id\":\"https:\/\/astecatopografia.com.br\/sobre-nos\/#breadcrumb\",\"itemListElement\":[{\"@type\":\"ListItem\",\"position\":1,\"name\":\"In\u00edcio\",\"item\":\"https:\/\/astecatopografia.com.br\/\"},{\"@type\":\"ListItem\",\"position\":2,\"name\":\"Sobre n\u00f3s\"}]},{\"@type\":\"WebSite\",\"@id\":\"https:\/\/astecatopografia.com.br\/#website\",\"url\":\"https:\/\/astecatopografia.com.br\/\",\"name\":\"Asteca Topografia\",\"description\":\"\",\"potentialAction\":[{\"@type\":\"SearchAction\",\"target\":{\"@type\":\"EntryPoint\",\"urlTemplate\":\"https:\/\/astecatopografia.com.br\/?s={search_term_string}\"},\"query-input\":{\"@type\":\"PropertyValueSpecification\",\"valueRequired\":true,\"valueName\":\"search_term_string\"}}],\"inLanguage\":\"pt-BR\"}]}<\/script>\n<!-- \/ Yoast SEO plugin. -->","yoast_head_json":{"title":"Sobre n\u00f3s - Asteca Topografia","robots":{"index":"index","follow":"follow","max-snippet":"max-snippet:-1","max-image-preview":"max-image-preview:large","max-video-preview":"max-video-preview:-1"},"canonical":"https:\/\/astecatopografia.com.br\/sobre-nos\/","og_locale":"pt_BR","og_type":"article","og_title":"Sobre n\u00f3s - Asteca Topografia","og_description":"Conhe\u00e7a nossa hist\u00f3ria de sucesso Hist\u00f3ria Somos uma empresa familiar que carrega em sua hist\u00f3ria, desde 2010, a experi\u00eancia e o amor de tr\u00eas gera\u00e7\u00f5es. No DNA da Asteca est\u00e3o as experi\u00eancias adquiridas desde a d\u00e9cada de 40, pelo Sr. Abilio Jos\u00e9 de Mello, que passou seus conhecimentos para os filhos Jorge, Quintino e Aristides, [&hellip;]","og_url":"https:\/\/astecatopografia.com.br\/sobre-nos\/","og_site_name":"Asteca Topografia","article_modified_time":"2024-07-16T18:35:10+00:00","og_image":[{"url":"https:\/\/astecatopografia.com.br\/wp-content\/uploads\/2024\/07\/sobre-nos-asteca-1.webp","type":"","width":"","height":""}],"twitter_card":"summary_large_image","twitter_misc":{"Est. tempo de leitura":"3 minutos"},"schema":{"@context":"https:\/\/schema.org","@graph":[{"@type":"WebPage","@id":"https:\/\/astecatopografia.com.br\/sobre-nos\/","url":"https:\/\/astecatopografia.com.br\/sobre-nos\/","name":"Sobre n\u00f3s - Asteca Topografia","isPartOf":{"@id":"https:\/\/astecatopografia.com.br\/#website"},"primaryImageOfPage":{"@id":"https:\/\/astecatopografia.com.br\/sobre-nos\/#primaryimage"},"image":{"@id":"https:\/\/astecatopografia.com.br\/sobre-nos\/#primaryimage"},"thumbnailUrl":"https:\/\/astecatopografia.com.br\/wp-content\/uploads\/2024\/07\/sobre-nos-asteca-1.webp","datePublished":"2023-03-18T20:53:35+00:00","dateModified":"2024-07-16T18:35:10+00:00","breadcrumb":{"@id":"https:\/\/astecatopografia.com.br\/sobre-nos\/#breadcrumb"},"inLanguage":"pt-BR","potentialAction":[{"@type":"ReadAction","target":["https:\/\/astecatopografia.com.br\/sobre-nos\/"]}]},{"@type":"ImageObject","inLanguage":"pt-BR","@id":"https:\/\/astecatopografia.com.br\/sobre-nos\/#primaryimage","url":"https:\/\/astecatopografia.com.br\/wp-content\/uploads\/2024\/07\/sobre-nos-asteca-1.webp","contentUrl":"https:\/\/astecatopografia.com.br\/wp-content\/uploads\/2024\/07\/sobre-nos-asteca-1.webp","width":532,"height":542},{"@type":"BreadcrumbList","@id":"https:\/\/astecatopografia.com.br\/sobre-nos\/#breadcrumb","itemListElement":[{"@type":"ListItem","position":1,"name":"In\u00edcio","item":"https:\/\/astecatopografia.com.br\/"},{"@type":"ListItem","position":2,"name":"Sobre n\u00f3s"}]},{"@type":"WebSite","@id":"https:\/\/astecatopografia.com.br\/#website","url":"https:\/\/astecatopografia.com.br\/","name":"Asteca Topografia","description":"","potentialAction":[{"@type":"SearchAction","target":{"@type":"EntryPoint","urlTemplate":"https:\/\/astecatopografia.com.br\/?s={search_term_string}"},"query-input":{"@type":"PropertyValueSpecification","valueRequired":true,"valueName":"search_term_string"}}],"inLanguage":"pt-BR"}]}},"_links":{"self":[{"href":"https:\/\/astecatopografia.com.br\/index.php?rest_route=\/wp\/v2\/pages\/20","targetHints":{"allow":["GET"]}}],"collection":[{"href":"https:\/\/astecatopografia.com.br\/index.php?rest_route=\/wp\/v2\/pages"}],"about":[{"href":"https:\/\/astecatopografia.com.br\/index.php?rest_route=\/wp\/v2\/types\/page"}],"author":[{"embeddable":true,"href":"https:\/\/astecatopografia.com.br\/index.php?rest_route=\/wp\/v2\/users\/1"}],"replies":[{"embeddable":true,"href":"https:\/\/astecatopografia.com.br\/index.php?rest_route=%2Fwp%2Fv2%2Fcomments&post=20"}],"version-history":[{"count":133,"href":"https:\/\/astecatopografia.com.br\/index.php?rest_route=\/wp\/v2\/pages\/20\/revisions"}],"predecessor-version":[{"id":5847,"href":"https:\/\/astecatopografia.com.br\/index.php?rest_route=\/wp\/v2\/pages\/20\/revisions\/5847"}],"wp:attachment":[{"href":"https:\/\/astecatopografia.com.br\/index.php?rest_route=%2Fwp%2Fv2%2Fmedia&parent=20"}],"curies":[{"name":"wp","href":"https:\/\/api.w.org\/{rel}","templated":true}]}}